/(-5) + (-734)/10. Let s = n + 76. Suppose -s*q - 2*q - 468 = -3*m, 616 = 4*m - 4*q. What is the tens digit of m?
5
Let t(d) = 3*d**2 - 27*d - 202. Let x be (39/12)/(4*1/32). What is the units digit of t(x)?
4
Let d(t) = t**2 + 4*t - 9. Let k be d(-6). Suppose k*p + z = 5*z + 1700, 4*p = 2*z + 2250. What is the hundreds digit of p?
5
Let r be -1*(-2 + 4 - 2). Let b be 242 + -2 + 1 + r + -1. Suppose 7*v - 3*v = b. What is the tens digit of v?
6
Suppose 9 - 9 = 3*l. Suppose l = 20*g - 266 - 114. What is the units digit of g?
9
Let s(a) = 9*a**2 + 3*a + 8. Let c(n) = 2*n + 2. Let t be c(3). What is the units digit of s(t)?
8
What is the tens digit of (20953/(-69) - -9)*(-21)/2?
9
Let b(f) = -14*f + 509. Let i(q) = 6*q - 255. Let y(x) = -6*b(x) - 13*i(x). What is the tens digit of y(36)?
7
Suppose 5*h + 12 = w, 2*h = -4*w - h + 2. Suppose -2*r = w, 2*r - 111 = -2*z + r. What is the units digit of z?
6
Suppose 2*z + 2*z - 12 = 0. Let o(y) = -4 + 6 + y**2 - y + z*y**2 + 16*y**2. What is the tens digit of o(2)?
8
Suppose -d + 25302 = 4*p, -12*p - 5*d + 12660 = -10*p. What is the thousands digit of p?
6
Let v be 83640/380 - (-2)/(-19). Let y = -202 + v. What is the tens digit of y?
1
Suppose -5*u = 0, 4*j + 0*u = -5*u + 48. Suppose 0 = 4*p + j - 20. What is the hundreds digit of 111/p*(0 + 2)?
1
Suppose 4*r - 8 = 0, -26 = -3*j + 4*r + 11. What is the tens digit of 1023*(2/8)/(j/20)?
4
Let b(m) = 51*m - 207. Let r(k) = 17*k - 68. Let u(w) = 3*b(w) - 8*r(w). What is the units digit of u(12)?
7
Suppose 980*l = 1090*l - 1551550. What is the hundreds digit of l?
1
Let i = 3630 + -2545. Suppose 1092*y = i*y + 7896. What is the units digit of y?
8
Let r(n) = 123*n - 2. Let a be r(2). Let m = a - 107. Let c = -116 + m. What is the units digit of c?
1
Let k(o) be the second derivative of o**5/20 - 7*o**4/12 + o**3/6 - 7*o**2 - 2*o. Let m(g) = 8*g**2 + 2*g - 2. Let p be m(1). What is the units digit of k(p)?
8
Let q = 85 - 70. Suppose 0 = -5*h - 65 + q. Let t(l) = -l**2 - 15*l - 34. What is the units digit of t(h)?
6
Suppose 3*l + 240 = m + 598, -3*m + l - 1034 = 0. Let z = 502 + m. What is the units digit of z?
9
Let d = -9055 - -13039. What is the thousands digit of d?
3
Let g be (-90)/(-25) + (-6)/(-15). Let y be ((-2)/(g/5))/(6/12). What is the tens digit of 1/y - 1446/(-30)?
4
Let d(o) = -3*o**2 - 3*o + 8. Let p(z) = -7*z**2 - 5*z + 16. Let k(y) = -9*d(y) + 4*p(y). Let v be k(4). What is the tens digit of -6*(-8)/7*(v - -3)?
4
Let s(m) = 5*m**3 + 4*m**2 + 65*m + 31. What is the tens digit of s(18)?
5
Suppose 0 = -6*l + 10*l + 48. Let s(a) = a**2 - 10*a - 5. What is the tens digit of s(l)?
5
Let m be -7*-4*(-4)/(-56). Suppose 213 = -m*x + 5*x. Suppose -6*k + x = -133. What is the units digit of k?
4
Let p(s) = -s + 2. Let o be p(-7). Let t be ((-12)/o)/(-2)*3. Let w(c) = 13*c**2 + c - 6. What is the units digit of w(t)?
8
Suppose -6342 = -5*v - 4*q, -3*q + 2182 = 3*v - 1622. Suppose 0 = 2*m - 0*m + 4*a - v, 0 = -5*a - 10. What is the tens digit of m?
3
Suppose 100421 = 42*v - 62665. What is the hundreds digit of v?
8
Suppose -739903 - 839808 + 669769 = -102*q. What is the units digit of q?
1
What is the thousands digit of 34840/4 + (-1 - 2) + (30 - 23)?
8
Suppose -66*y - 88*y + 9*y + 10628500 = 0. What is the units digit of y?
0
Let i be (-16)/16 - -1*307. Suppose -342 = -o - 5*p, -o - 2*p + i + 24 = 0. What is the units digit of o?
2
Suppose 42*k = 44*k - 24. Suppose -5*m = -10, -m - k = 4*g - 326. Suppose -2*u - g = -3*u. What is the units digit of u?
8
Let i = 14 + -14. Let y be (i - 3)*(-1)/4*-116. What is the units digit of -4*(-4)/16 - y?
8
Let d = 594 + -361. Let f = -130 + d. What is the tens digit of f?
0
Let l(k) = 2*k + 3. Let q(y) = -5*y - 89. Let v(b) = l(b) - q(b). What is the tens digit of v(8)?
4
Suppose 5*s = -4*g + 13134, 4*g = 9*g + 45. What is the thousands digit of s?
2
Suppose -w + 0*m = 3*m - 69, -2*m + 384 = 5*w. Let s = w + 97. What is the hundreds digit of s?
1
Suppose u = -u - 102. Let v = -21 - u. Suppose -4*y - v = -106. What is the units digit of y?
9
Suppose 0 = -15*a - 1654 + 6139. Suppose 18*n + a = 7607. What is the tens digit of n?
0
Suppose 0 = -3*f - 5*z + 2114, -4*f + 43*z - 44*z = -2813. What is the tens digit of f?
0
Let n = -97 + 142. Let x = n - 24. Let u(z) = z**2 - 18*z - 22. What is the units digit of u(x)?
1
Let c = -57320 - -120999. What is the units digit of c?
9
What is the hundreds digit of -61 - -51 - (-6462 - -1)?
4
Let d(j) = j + 13. Let a be d(-7). Let c be (284 + 0)/(a/9). Suppose -12*i + 6*i + c = 0. What is the units digit of i?
1
Suppose -5*s + 3364 = -2*o, 2*o - 2696 = -4*s + 6*o. Suppose -2*j + 439 = -f, -3*f = 5*j - 2*j - s. Let v = -125 + j. What is the tens digit of v?
9
Suppose -3*q + t = -116659, -845*q = -843*q - 2*t - 77774. What is the thousands digit of q?
8
Suppose -5*f + 14*f = 126. Let o = 16 - f. Let b = o + 75. What is the units digit of b?
7
Let g = -1922 - -3903. What is the units digit of g?
1
Let j = 22 + -20. Suppose j*i - 16 = 2*n + 2, -5*i - 3*n + 21 = 0. Let m(o) = o**3 - 5*o**2 + 11*o - 1. What is the hundreds digit of m(i)?
1
Let s(v) = 60*v - 33*v - v**3 - 34*v - 121. What is the units digit of s(-8)?
7
Suppose 0 = 7*m + 135 - 3817. Suppose 4*u - m = 3*q - 4*q, -5*q - 3*u = -2647. What is the hundreds digit of q?
5
Let i(x) be the third derivative of x**5/60 + 5*x**4/24 - 10*x**3 + 17*x**2 - 3. What is the units digit of i(-15)?
0
Suppose -o + 2099 = -127. Let q = -1253 + o. What is the units digit of q?
3
Suppose -48*g + 482670 = -18*g. What is the thousands digit of g?
6
Suppose -4*u + 9 = -2*b + 3, 5*u - 3*b = 5. Suppose -10 = -4*y - 5*r, -2 = -3*r + u. Suppose 4*m + y*m - 224 = 0. What is the tens digit of m?
5
Let a be (-1)/(-2)*-1 - 10854/(-108). What is the tens digit of 48/20*(a + 0)?
4
Let l = 805 - 580. What is the units digit of (216/(-2))/(l/(-1500))?
0
Let d = -25738 - -42578. What is the hundreds digit of d?
8
Let k(d) = -d**3 + 4*d**2 + 9*d + 17. Let r(o) = -o**3 + 5*o**2 + o + 1. Let p be r(5). Let b be k(p). What is the units digit of b/(-2) - (182/(-4) + -2)?
8
Suppose 4*p = -20*p + 96. What is the hundreds digit of (1882 + 3)/5 + p?
3
Let q(z) = z + 14. Suppose 0 = 2*h + 97 - 71. Let v be q(h). Suppose v = -w + 119. What is the hundreds digit of w?
1
Let m(v) = v**3 - 3*v**2 + 3*v + 2. Let b be m(3). Suppose 937 = l - 2*t, -b*t + 14*t - 1902 = -2*l. What is the hundreds digit of l?
9
Let d = 18412 + -18305. What is the units digit of d?
7
Let l = 6426 + -3243. What is the units digit of l?
3
Suppose -n + 5*j = -37467, 0 = n - 142*j + 140*j - 37464. What is the units digit of n?
2
Suppose 4*c - 64 = -f, 2*f + 2*c = 123 + 11. Suppose -5*q + f = 68. Suppose q = -4*g + 187 - 59. What is the tens digit of g?
3
Let r = 114 + -101. Suppose -r*k - 332 = -14*k. What is the hundreds digit of k?
3
Suppose -719036 = -51*q - 270950. What is the tens digit of q?
8
Suppose -29*l + 43875 = 10*l. Suppose 8*x = 3*x + l. What is the tens digit of x?
2
Let k(j) be the second derivative of -5*j**4/12 - 143*j**3/6 - 15*j**2/2 - 126*j. What is the tens digit of k(-28)?
6
Let x be (2 + -1)/((-4)/5068). Let p = 1878 + x. What is the tens digit of p?
1
Let u be 8/(-10) + 0 + 1443/(-15). Let a = 128 + u. What is the tens digit of a?
3
Let u be (-8)/(-1) - (-6 + 0)/(-2). Suppose 0*x = u*x. Suppose x = l + 3*l - 740. What is the units digit of l?
5
Suppose 5*w - 7 = -17. Let i(c) = 8*c**3 - 2*c**2 + 5*c - 1. Let q(j) = -j**3 + j**2 - j + 1. Let f(x) = -i(x) - 2*q(x). What is the tens digit of f(w)?
5
Let g = 3 - -9. Let w = g + -15. Let a(n) = -37*n - 25. What is the units digit of a(w)?
6
Suppose -b + 6*b + 6*b = 0. Suppose b = j - 10*j + 27. Suppose -573 = -4*t - h, j*h - 5 = 2*h. What is the units digit of t?
2
Let h = -11 - 45. Let n = h + 109. Let w = n + 37. What is the units digit of w?
0
Let a = 14320 - -2101. What is the thousands digit of a?
6
Suppose -4*t + 54 = 2*y, 2*t + 2*y = 27 + 5. Suppose -1720 = -19*n + t*n. What is the units digit of n?
5
Let n = 8423 - 13418. Let c = -3463 - n. What is the units digit of c?
2
Let n be (-22)/(-4) - 7/14. Suppose 13 = n*i - 12. Suppose -o = i*q - 136, -o + 2*q + 136 - 14 = 0. What is the units digit of o?
6
Suppose -69*w + 12*w